culate n(-5).
69
Let a(c) = -c**2 - c - 3. Calculate a(-4).
-15
Let d(l) = -11*l - 8. What is d(-3)?
25
Let o(u) = 15*u**3 + u. Determine o(-1).
-16
Let u(a) = -5*a**3 - a**2 + a + 2. Give u(-1).
5
Let i(m) = -m**3 - 28*m**2 + 5. Calculate i(-28).
5
Let t(s) = -7*s**2 + 11*s - 3. What is t(2)?
-9
Let k(a) = -3*a**2 + 2*a + 3. Determine k(0).
3
Let z(f) = 41*f - 1. Calculate z(-1).
-42
Let v(p) = -2*p**2 + p - 1. Give v(-2).
-11
Let p(k) = -k**3 - 19*k**2 - 2*k - 37. What is p(-19)?
1
Let w(p) = p**3 - 10*p**2 + 26*p - 18. Give w(4).
-10
Let c(f) = -144*f - 287. Determine c(-2).
1
Let p(c) = -54*c + 109. What is p(2)?
1
Let j(u) = 10*u**2 - u - 2. Calculate j(2).
36
Let w(s) = -6*s + 6. What is w(-2)?
18
Let o(i) = 2*i**2 - 27*i - 37. Calculate o(16).
43
Let t(z) = 40*z - 28. Determine t(1).
12
Let j(m) = m**3 + 5*m**2 - 5*m - 1. What is j(-6)?
-7
Let v(x) = 65*x - 22. Determine v(2).
108
Let h(u) = u**2 + 14*u - 14. Calculate h(-15).
1
Let z(h) = h**2 + 44*h + 337. Determine z(-35).
22
Let v(f) = 31*f - 242. What is v(8)?
6
Let r(z) = -z + 7. Calculate r(21).
-14
Let a(i) = i**2 + 2*i + 14. Give a(-6).
38
Let z(m) = -m**3 - 29*m**2 - 5*m + 649. Give z(-28).
5
Let a(j) = -3*j**2 - 12*j - 12. What is a(-3)?
-3
Let n(q) = -5*q - 61. Determine n(-13).
4
Let w(c) = -2*c**3 + c**2 - c + 1. What is w(3)?
-47
Let r(y) = y**2 + 20*y + 35. Calculate r(-18).
-1
Let c(q) = -3*q**3 - 2*q**2 - q + 2. Give c(1).
-4
Let c(t) = t**3 + 16*t**2 + 14*t - 3. Give c(-15).
12
Let v(r) = -r**3 - 8*r**2 - 9*r - 5. Give v(-7).
9
Let l(o) = 14*o**2 + 3. Determine l(-2).
59
Let o(s) = -s**3 - 4*s**2 + 20*s + 70. Determine o(-5).
-5
Let m(k) = -k**3 - 7*k**2 + k + 14. Give m(-8).
70
Let d(l) = -l**3 - 14*l**2 + 14*l - 3. Give d(-15).
12
Let f(l) = l**2 + 14*l + 46. Calculate f(-9).
1
Let b(x) = 18*x + 1. What is b(-1)?
-17
Let s(w) = -40*w + 12. What is s(1)?
-28
Let p(z) = -6*z**3 + 3*z**2 + 3*z + 2. Determine p(-2).
56
Let q(r) = -r**2 - 5*r + 11. Give q(3).
-13
Let t(l) = -l**3 - 10*l**2 - 10*l + 3. Give t(-9).
12
Let x(f) = 32*f + 420. Give x(-13).
4
Let o(b) = -4*b + 58. Give o(17).
-10
Let y(z) = -z + 3. What is y(-10)?
13
Let t(x) = x**3 + 5*x**2 + 13*x + 2. Calculate t(-6).
-112
Let q(c) = 3*c**2 - 16*c + 32. What is q(5)?
27
Let s(a) = -57*a**2 + a - 1. Determine s(1).
-57
Let b(d) = -2*d - 10. Calculate b(-5).
0
Let n(p) = -p**3 + 8*p**2 + 9*p - 5. Calculate n(9).
-5
Let v(p) = -4*p - 20. Calculate v(-10).
20
Let q(b) = -b**3 - 3*b**2 + 4*b - 5. Determine q(-4).
-5
Let r(d) = -4*d + 7. What is r(-4)?
23
Let a(c) = -c**3 - 13*c**2 + 14*c - 3. Calculate a(-14).
-3
Let o(n) = -n**2 + 11*n + 28. Calculate o(13).
2
Let s(w) = w - 15. Determine s(16).
1
Let n(w) = w**3 - 8*w**2 - 12*w - 7. Give n(9).
-34
Let m(a) = -a**3 - 16*a**2 + 15*a - 41. Give m(-17).
-7
Let j(a) = -8*a. Give j(-7).
56
Let q(k) = -2*k**2 + 16*k - 27. What is q(6)?
-3
Let h(m) = m**2 - 27*m - 13. Determine h(0).
-13
Let w(o) = 2*o**2 - 22*o - 6. Determine w(11).
-6
Let h(y) = -y**2 - y + 20. What is h(-6)?
-10
Let y(z) = z**2 - 52*z + 385. What is y(9)?
-2
Let l(g) = -2*g**2 + 17*g - 5. Determine l(10).
-35
Let t(u) = 9*u - 285. Calculate t(31).
-6
Let y(z) = z**3 + 25*z - 46. Calculate y(2).
12
Let s(c) = -c**2 + 18*c - 63. What is s(5)?
2
Let w(a) = -a**2 + 20*a - 68. Give w(17).
-17
Let g(i) = i**2 - 17*i + 33. What is g(15)?
3
Let v(g) = -g**3 - 11*g**2 + 3*g - 22. Determine v(-12).
86
Let x(g) = -g**3 + 4*g**2 - 3*g + 5. Give x(4).
-7
Let v(g) = 14*g + 45. Determine v(-3).
3
Let j(c) = c**2 - c. What is j(-2)?
6
Let n(f) = -3*f - 5. Calculate n(-2).
1
Let y(x) = -x**2 - 8*x. Give y(-8).
0
Let z(p) = 4*p - 87. What is z(0)?
-87
Let u(w) = -2*w**2 - 15*w + 9. What is u(-8)?
1
Let p(u) = -u**3 + 16*u**2 - 13*u - 30. What is p(15)?
0
Let w(t) = t**3 - 2*t**2 - t - 4. What is w(0)?
-4
Let r(g) = g**3 - 5*g**2 + 3*g - 5. Determine r(5).
10
Let o(v) = v**3 - 12*v**2 + 19*v - 87. What is o(11)?
1
Let w(v) = -3*v - 10. Calculate w(-6).
8
Let p(h) = h**2 + 20*h + 50. Determine p(-21).
71
Let i(w) = -7*w**3 - 29*w**2 + 3*w + 8. Calculate i(-4).
-20
Let y(r) = r**2 + 10*r - 5. Calculate y(-8).
-21
Let p(l) = 5*l + 76. Give p(-14).
6
Let t(d) = 7*d**3 - d**2 + d - 2. What is t(1)?
5
Let t(u) = -u**2 + 4*u. Calculate t(-3).
-21
Let r(s) = -3*s**2 + 4*s - 3. What is r(3)?
-18
Let g(l) = 11*l - 88. Determine g(8).
0
Let v(s) = -12*s + 29. Determine v(3).
-7
Let w(q) = -2*q + 4. Give w(-4).
12
Let o(c) = -6*c + 24. Determine o(5).
-6
Let s(v) = v**2 + 18*v + 12. Calculate s(-17).
-5
Let b(i) = 2*i + 4. Determine b(-5).
-6
Let k(f) = f**3 - 11*f**2 + 17*f + 7. Determine k(9).
-2
Let v(o) = 2*o**3 - 7*o**2 - 14*o + 1. Calculate v(5).
6
Let g(f) = -167*f. Calculate g(-1).
167
Let u(x) = 9*x + 75. What is u(-11)?
-24
Let q(z) = -2*z**2 - 26*z - 18. What is q(-12)?
6
Let n(c) = c**3 - 35*c**2 - 291*c - 125. What is n(42)?
1
Let h(j) = 37*j - 297. Determine h(7).
-38
Let b(a) = -a**3 - 17*a**2 + 10*a - 138. What is b(-18)?
6
Let v(k) = -k**3 + 5*k**2 - 4*k + 13. Give v(5).
-7
Let u(b) = -b**3 + 2*b**2 - 119*b + 232. Give u(2).
-6
Let n(d) = -d**3 - 13*d**2 - 15*d - 13. Determine n(-12).
23
Let d(w) = -w**2 - 4*w + 31. Determine d(-8).
-1
Let d(y) = 16*y + 684. Give d(-43).
-4
Let p(b) = b**3 + 4*b**2 - 12*b - 22. What is p(-6)?
-22
Let k(r) = r**2 - 32*r + 131. Calculate k(5).
-4
Let k(g) = 18*g**2 - 250*g - 19. Determine k(14).
9
Let d(t) = 2*t**2 + 58*t - 9. Determine d(-28).
-65
Let u(g) = g**3 - 5*g**2 + 5*g - 5. Determine u(4).
-1
Let k(z) = -41*z**2 - 3*z + 2. Determine k(1).
-42
Let r(h) = -9*h - 96. Give r(0).
-96
Let v(b) = b**3 - 6*b**2 + 4*b - 15. What is v(6)?
9
Let g(d) = 2*d - 91. Calculate g(0).
-91
Let m(i) = i**2 + 14*i + 25. Determine m(-11).
-8
Let b(l) = -l**3 - 12*l**2 - 10*l + 9. Calculate b(-11).
-2
Let c(l) = 2*l + 15. Give c(-6).
3
Let s(k) = -k**2 + 21*k - 104. Calculate s(11).
6
Let y(a) = a**3 + 3*a**2 - 6*a - 6. Calculate y(-4).
2
Let q(f) = -f**3 - 5*f**2 + 5*f - 1. Determine q(-7).
62
Let d(u) = -u**2 - 10*u - 11. Give d(-3).
10
Let s(f) = -4*f**3 - 3*f**2 + 6*f - 3. What is s(1)?
-4
Let w(s) = s**2 - 5*s + 16. Give w(5).
16
Let h(n) = -2*n**3 - 2*n**2 - 5*n + 3. What is h(3)?
-84
Let k(c) = c**3 + 17*c**2 + 28*c - 35. Calculate k(-16).
-227
Let m(p) = -p**3 + 11*p**2 + 14*p - 25. Determine m(12).
-1
Let m(c) = c**3 + 35*c**2 + 36*c + 70. What is m(-34)?
2
Let a(d) = -2*d**2 - 18*d + 4. What is a(-9)?
4
Let k(c) = -11*c - 82. Give k(-7).
-5
Let k(s) = -5*s - 5. What is k(-3)?
10
Let f(k) = 4*k**2 + 128*k + 45. Determine f(-32).
45
Let p(s) = s + 12. Give p(-2).
10
Let m(u) = -u**3 + 8*u**2 + u - 10. Calculate m(8).
-2
Let z(m) = -3*m - 4. Determine z(5).
-19
Let m(n) = 52*n + 259. Give m(-5).
-1
Let p(d) = -18*d - 8. Give p(2).
-44
Let k(u) = 4*u**2 - 2*u - 35. Calculate k(4).
21
Let y(h) = h - 16. Calculate y(4).
-12
Let i(u) = -3*u**2 - 17*u - 12. Determine i(-6).
-18
Let w(l) = -3*l - 38. What is w(-11)?
-5
Let w(b) = b**2 - 7. Calculate w(-7).
42
Let d(w) = -3*w**2 + 18*w - 8. What is d(7)?
-29
Let y(f) = -58*f + 47. Determine y(5).
-243
Let v(l) = -l**3 - 6*l**2 + 2*l - 14. Give v(-6).
-26
Let a(f) = -f**3 - 7*f**2 - 7*f + 7. Give a(-6).
13
Let v(s) = 40*s + 1. Calculate v(1).
41
Let j(n) = -2*n**3 - 10*n**2 - 4*n - 19. Calculate j(-5).
1
Let k(q) = -9*q**2 + 7*q - 31. Determine k(5).
-221
Let v(m) = -2*m + 35. Calculate v(8).
19
Let o(w) = w**3 + 6*w**2 + 2. Calculate o(-5).
27
Let n(q) = -9*q + 9. Determine n(2).
-9
Let o(c) = -c**2 + 3*c + 4. Calculate o(-4).
-24
Let f(k) = k**2 + 9*k + 1. What is f(-8)?
-7
Let g(z) = 2*z - 17. Calculate g(10).
3
Let u(c) = c**3 - c**2 - c + 4. Determine u(2).
6
Let c(x) = -x**3 + 2*x**2 + 7. Calculate c(-3).
52
Let v(a) = -3*a**2 + 35*a - 94. Give v(3).
-16
Let a(u) = -u**2 - 11*u + 31. What is a(-16)?
-49
Let c(d) = d**3 + 8*d**2 - 6*d + 21. Calculate c(-9).
-6
Let g(h) = 5*h + 26. What is g(10)?
76
Let r(l) = 2*l**2 + 26*l + 10. What is r(-13)?
10
Let z(k) = 39*k + 6. Give z(-2).
-72
Let u(j) = 4*j - 55. Determine u(15).
5
Let m(t) = -t**3 - 13*t**2 + 12*t - 20. What is m(-14)?
8
Let x(y) = -y**3 - 30*y**2 - 32*y - 85. Determine x(-29).
2
Let m(g) = -g**3 + 8*g**2 - 11*g - 8. Give m(7).
-36
Let f(y) = -y**2 - y + 35. What is f(7)?
-21
